p(6).
-1
Let m be (20/35)/(5/(-7) + 1). Let k(f) = -5 - 30*f + 12*f + f**3 + 4 - 5*f**m + 11*f. Suppose 2*s - 2 = 10. What is k(s)?
-7
Let u(v) = -5940*v + 2 + 5944*v - 5. Let w(l) = -l**3 - 4*l**2 - 2*l - 6. Suppose t = -3 - 1. Let n be w(t). Give u(n).
5
Let x(n) = -9*n - 2. Let j = -1060 + 1061. Calculate x(j).
-11
Let h = 0 - 2. Let n = 0 - h. Suppose -4*i - a = n*a + 2, -3*i = 2*a + 2. Let b(c) = -c - 4. Give b(i).
-2
Suppose 0 = -z + 6*z - 5*s - 25, -z + 3*s = -5. Let n(b) be the second derivative of b**5/20 - b**4/2 + 2*b**3/3 + b**2/2 - 40*b - 1. What is n(z)?
-4
Suppose 0*l - 2*l - 2 = 4*w, 5*l - 5 = -5*w. Suppose 3*v - 5*c + l + 35 = 0, -5*c = 2*v - 8. Let k(r) = r**2 + 6*r - 6. Calculate k(v).
-6
Let z(k) be the third derivative of -k**4/24 + 3*k**3/2 + 3*k**2 - 63. Calculate z(3).
6
Let y(i) be the first derivative of i**3 - i + 374. Suppose 2*j - 2 + 4 = 0. Determine y(j).
2
Suppose -2*q + 20 = -0. Let v(c) = -8 - q - c**2 + 19. Let w = -15 + 17. What is v(w)?
-3
Let a = -4 + 6. Suppose 0 = a*g - 14. Let z(k) = -k**2 + 7*k - 10. Calculate z(g).
-10
Let y(a) = -a**3 - 8*a**2 - 3. Let o(m) = -2*m**2 - 77*m - 46. Let n be o(-38). Calculate y(n).
-3
Let y(z) be the second derivative of -5*z**3/2 - 7*z**2 + 11*z + 17. Give y(-2).
16
Let c(s) = -11*s - 593*s**2 + 3*s + 585*s**2 - s**3 - 8. Suppose -g = 5*g + 42. Give c(g).
-1
Let a(n) = 3*n - 4 + n**3 + 3*n + 5*n**2 - 3*n**3 - 3*n**3. Let z(w) = -6*w**3 + 5*w**2 + 7*w - 5. Let s(p) = -7*a(p) + 6*z(p). What is s(-5)?
-2
Let c = 12 + -5. Suppose 5*q + 5 = 3*m, 3*q + 5*m = -0*m + 31. Let d(l) = -7 - 7*l - 2*l**3 - 12*l**q + 20*l**2 + l**3. What is d(c)?
-7
Let n(k) = 3 + 1 - k**3 + 2*k**3 - 10 - 4*k**2. Suppose -29*x = -30*x + 5. What is n(x)?
19
Let s = 768 - 765. Let v(c) = -c - 3. What is v(s)?
-6
Suppose 5*d - 2 = 93. Suppose 5*f - 1 = d. Let m(l) = -l + 8*l**3 - f - 7*l**3 + 5*l**2 + 6. What is m(-5)?
7
Let i(a) = a**3 + 4*a**2 + 2*a - 2. Let h be i(-2). Suppose -2*n + 1 = -1. Let m(t) = 1 - n + t + 2 + t**h + 0. Calculate m(2).
8
Let m(s) be the second derivative of s**3/6 - 8*s**2 + 40*s. Suppose -4*j - 5*p = -81, 2*j + 0*j - 23 = p. Let k be (-522)/(-63) + (-4)/j. What is m(k)?
-8
Let b(t) = -t**3 + 13*t**2 + 15*t - 8. Let v(z) = 5*z**3 - 52*z**2 - 62*z + 33. Let r(y) = 9*b(y) + 2*v(y). Calculate r(-12).
6
Let s(g) = -17*g - 63. Let f be s(-4). Let p(k) be the second derivative of 3*k**2 + 5*k + 5/6*k**3 + 0 - 1/20*k**f + 5/12*k**4. Give p(6).
0
Suppose 0 = -4*f - 4. Let y be (f + -3)/4 - -3. Let r(k) = y*k**2 + 6*k**3 + 0*k**3 - 4*k**3 - k**2. What is r(-1)?
-1
Suppose -3*b - 4 = -5*b. Let n(f) = -b + 3 + f - 2. Give n(1).
0
Let q(h) be the second derivative of 5*h**3/6 + 27*h**2/2 + 3*h + 3. Determine q(-4).
7
Let o(w) = 5*w - 1. Let x be 64/(-224)*(-6 - 1)*2. Give o(x).
19
Let z(k) = k - 10. Let q be z(14). Let v(t) = 13*t - 6*t - 6*t + q. Determine v(-5).
-1
Let p(r) = -r**3 - 4*r**2 + 10. Let d be p(-3). Let k(u) = -d + u**2 - 3 + 0 - 4*u. Calculate k(4).
-4
Suppose y - 3*o = -10, 0*o - 5 = y - 2*o. Let h(j) = 7*j**2 - 5*j - 2. Let u(g) = -4*g**2 + 2*g + 1. Let a(n) = y*u(n) + 3*h(n). Let t = 3 + 2. Give a(t).
-1
Let s(p) = p**3 + 5*p - 1. Let q(l) = 4*l**3 + 16*l - 4. Let n(h) = -2*q(h) + 7*s(h). Suppose 2*a = 14 - 4. Let m(g) = g - 7. Let b be m(a). Give n(b).
3
Let f(m) = 2*m**3 + m**2 - m. Let u = 80 + -78. Determine f(u).
18
Let x(z) = z**2 + 4*z - 8. Let u be 6/(-4) - 9/(-6). Suppose u = 6*b - 3*b - 18. Let l be (24/30)/(b/(-45)). Calculate x(l).
4
Let b(l) be the first derivative of -l**2/2 + 8*l + 3593. Let v = -50 + 78. Suppose v = 5*o + m - 2*m, 0 = -2*o + 2*m + 8. Calculate b(o).
2
Let v be -1 - -2 - (84 + 4). Let f = v - -91. Let u(o) = -o**3 + 2*o**2 - 3*o + 4. Let n(d) = -d**2 - 1. Let j(x) = 2*n(x) - u(x). Determine j(f).
6
Let v(o) = o**3 - 2*o**2 - o - 2. Let c = -329 - -331. What is v(c)?
-4
Let r(v) = 11*v - 4. Let l(f) be the third derivative of -f**4/12 - f**3/6 - 9*f**2. Let a(s) = 5*l(s) + r(s). Calculate a(7).
-2
Let z(b) = b**2 + 5*b - 6. Let n(d) = 2*d**2 + 10*d - 13. Let a(p) = 3*n(p) - 7*z(p). Let c = 8481 - 8487. Determine a(c).
-3
Let w(l) = -8*l. Let z(h) = h**2 + 10*h - 6. Let u be z(-11). Let v(o) = -7*o. Suppose -4*f + 3*f = 6. Let d(q) = f*v(q) + u*w(q). Give d(4).
8
Let t(g) be the second derivative of 5*g**3/2 + g**2/2 + 8*g - 4. Determine t(1).
16
Let b(q) = 2*q - 4. Suppose 3*o = -2*a + 16, 0 = -5*o + 179 - 169. Calculate b(a).
6
Let g(h) be the second derivative of -h**4/12 + 5*h**3/6 + 3*h**2/2 + 12*h. Calculate g(5).
3
Let b(s) = 11 - 10*s - 4*s**2 - 4 + 4 + 0. Let l(m) = -3*m**2 - 9*m + 11. Let a(k) = -2*b(k) + 3*l(k). Determine a(-9).
-7
Let s(l) = 2. Let q(b) = 11*b + 5. Let d(a) = q(a) - 3*s(a). Give d(5).
54
Let h = 1 + 0. Let w(i) = 13 - 21 - 10*i + 34*i + 9. Give w(h).
25
Let j(f) = 3*f**2 + 2*f - 3. Let w = -37 - -33. Let x = w - -6. Calculate j(x).
13
Suppose 0 = 4*y - 10 + 22. Let w(d) = -4*d + d + 3*d**2 - 2 - 2*d**3 + 8. Let k(f) = -3*f**3 + 3*f**2 - 4*f + 7. Let a(x) = 3*k(x) - 4*w(x). What is a(y)?
-3
Let m(k) = k - 1. Let x be m(4). Let n(w) be the third derivative of -1/30*w**5 - 1/8*w**4 + 0*w + 1/120*w**6 + 1/3*w**3 + 0 - 6*w**2. What is n(x)?
2
Let o(z) = -2 - 60*z**2 - 50*z**2 + 111*z**2. Let m be -1 - (1 - (-12)/(-3)). Give o(m).
2
Let f(l) = 31*l**2 - 32*l**2 + 8*l - l - 8. Determine f(4).
4
Suppose 3*s - 231 = k, 3*k = -6*s + 2*s + 295. Let y = 82 - s. Let n(b) = 0 - 2 + 3 + b. Calculate n(y).
7
Let p(i) = -i**3 - i**2 - i - 21. Let v = -192 + 192. Determine p(v).
-21
Let o(k) = -k**2 + 10*k + 7. Let f = 19 - 9. Let q be o(f). Let x(d) = d**3 - 8*d**2 + 7*d + 3. Give x(q).
3
Let g(z) = -z**3 - 5*z**2 - 3*z - 1. Let t(h) = h**2 - 6*h - 4. Let k be t(7). Let b = 2 - k. Let c be (-6)/(-3)*b + -1. Determine g(c).
-10
Let k(i) = i - 9. Let l be k(8). Let c be 1*(l - 2*-2). Let a(x) be the first derivative of x**4/4 - x**3 + 3*x**2/2 - x + 28. Determine a(c).
8
Let f(k) be the second derivative of -k**5/20 - k**4/6 + 5*k**3/6 + 2*k**2 - 6*k. Suppose 107*t - 15 = 112*t. Determine f(t).
-2
Let f(r) = r - 38. Suppose 5*c = -4*y + 149, 185 = 4*y + y + 5*c. Give f(y).
-2
Let h(b) = -b**2 + 7*b - 5. Suppose 0 = x - 2*v - 3, -1 = 2*v - 3. Suppose -8*p + x*p = -15. Give h(p).
5
Let d(c) = 3*c + 44. Let z(m) = 2*m**3 + 17*m**2 - 7*m + 1. Let f be z(-9). What is d(f)?
-7
Let q(y) be the second derivative of 2*y**3/3 + y**2/2 - 5*y - 11. Determine q(4).
17
Suppose -46*i = -38*i - 16. Let j(y) = y**3 + 3*y - 4. Calculate j(i).
10
Let p(n) = -6*n**2 - 9*n - 3. Let u(t) = -5*t**2 - 8*t - 3. Let r(c) = -4*p(c) + 5*u(c). Let l(v) = 2*v + 1. Let y be l(1). Suppose y*i = 8*i + 15. Give r(i).
0
Let b be (28/(-6))/((-8)/12). Let i(f) be the first derivative of f**4/4 - 7*f**3/3 - f**2 + 4*f + 284. Give i(b).
-10
Let d = -8 + 8. Suppose -2*i + 48 = -2*v, 3*v + 46 = 2*i - d*v. Let s = i - 26. Let q(h) = -h**3 + h - 16. What is q(s)?
-16
Let d(u) = 2*u**3 - 4*u**2 + 2*u. Suppose 7 = -5*w - 4*f, -2*w + 0*f = 2*f + 2. Let l = -120 + 125. Let n = w + l. Determine d(n).
4
Let a be (20/30)/(1/3). Suppose -3*u = a*u - 3*m - 29, 2*u + 7 = -5*m. Let j(p) = 3*p - 2. What is j(u)?
10
Let f(i) be the third derivative of -i**4/6 + 17*i**3/6 - 2*i**2 - 415. Give f(-6).
41
Let h(o) = 6*o + 1. Let x(s) = -2. Let r(m) = h(m) - 3*x(m). Give r(-2).
-5
Suppose w = -4*y - 4, 2*y + 2*w = -0*y - 2. Let a(i) = 3*i + 2. Give a(y).
-1
Let i(o) be the second derivative of 11*o**3/6 + 165*o. Calculate i(1).
11
Let b(s) = 5*s**2 + 214*s - 38. Let i be b(-43). Let l(a) = -6*a + 6. What is l(i)?
-24
Let f(z) = -3*z**2 + 4*z + 9. Let n = 0 + 1. Let d(j) = j**2 - 1. Suppose 3*m = 0, 2*h - 5*h + 2*m + 15 = 0. Let y(t) = h*d(t) + n*f(t). Calculate y(-3).
10
Let u(j) = 16*j**2 + 0*j**2 - 12*j**2 - 2 + 2. Give u(2).
16
Let i(d) = -5*d**2. Let t(c) = -4*c**2 + 3*c + 1. Let j be t(-1). Let f(b) = -b**2 - 6*b + 1. Let l be f(j). Calculate i(l).
-5
Let m(g) = -g + 9 - 13*g**3 + 35*g**3 + 7*g**2 - 23*g**3. Let v be m(7). Let z(c) = 2*c**3 - 2*c**2 + c - 1. What is z(v)?
9
Suppose 5*c + 3*l = -405, 2*c = -c - 5*l - 227. Let s = -85 - c. Let b(x) = 3*x**2 + x + 1. Calculate b(s).
3
Suppose 0 = -5*i - 3 + 98. Let w = i + -16. Let u(y) = -4*y + 4. Give u(w).
-8
Let f(h) be the thi